 + -4 + 27 - 8?
6
What is the value of 21 - (15 + 6 + -16)?
16
What is the value of -43 - -20 - -4 - -23?
4
What is -2 + 2 - ((8 - 5) + 7 + 4)?
-14
What is 2 - -2 - (488 + -483)?
-1
Calculate (-6 - -3) + -6 + (11 - 35) + 55.
22
Evaluate (3 - 1) + (11 - 2) + -9 + -8.
-6
Calculate -5 + -4 + 13 + (21 - 28).
-3
What is the value of 589 - 589 - (28 - -3)?
-31
Calculate (-36 - -45) + (-1 - (10 + (6 - 1))).
-7
What is the value of -16 + 5 + -3 + 2 + 2?
-10
What is 4 + (2 - 12) + (-254 - -292)?
32
Evaluate -5 + (13 - 0) + -1 - 14.
-7
What is the value of 17 - (1 + -8) - (-2 - -8)?
18
What is the value of (5 - 13) + 4 + 0 - (-15 - 3)?
14
What is (-3 - (3 + -37)) + (1 - (-17 - -26))?
23
Calculate -1 + (-7 - (1 - 9 - (-9 - -3))).
-6
Calculate 14 - (5 - 1 - -1) - -14.
23
(1 - (-10 - -17)) + 14
8
Evaluate -8 - (0 + (1 - 0 - -7)).
-16
Calculate (1 - 1) + -3 + 18 - (377 - 374).
12
-18 - -21 - -20 - (12 + 0)
11
What is 4 + -1 + (-32 + 22 - (-12 - -2))?
3
What is 36 + -50 - (-19 + -2) - -16?
23
Evaluate -30 + -56 + 35 - -22.
-29
0 + 16 + -13 - 14
-11
Evaluate (15 + 19 - 25) + -18.
-9
-2 + 0 - (-5 - (-13 - (-9 + 3)))
-4
What is the value of 4 + (9 - (15 - 13))?
11
What is (-183 - -195) + (-7 + 1 - 0) - 14?
-8
25 + (-1 - 11) + 1 - (0 + -1)
15
Calculate (3 + -8 - (-14 + (-6 - -17))) + -3.
-5
Evaluate 39 - 55 - (-12 + 6).
-10
Calculate -4 - (-11 + (-7 - 7 - -8)).
13
(1 + 9 + -13 - -14) + -5 + 0
6
-6 + 6 + (-17 - -23)
6
What is 1 - (-2 - (-7 - (5 - 3))) - 4?
-10
Calculate (14 - 9) + -4 - -12 - 14.
-1
Evaluate 32 - (-16 + 24 - -4).
20
Calculate -18 + 24 + 13 - 25.
-6
What is 615 + -626 + 6 + 2 + 0?
-3
Calculate 60 - 1 - (686 - 663).
36
What is the value of (-1 - 3) + 14 + -12 - -12?
10
1 - -8 - (-14 - (8 + -15))
16
What is -7 + 1 + (-4 - -15) + -8?
-3
Calculate -19 + 2 - ((25 - 70) + 25).
3
What is the value of (173 - 163) + -5 + -2 + 1 + -2?
2
What is (12 - 10) + (-2 - -4 - (-1 - 0))?
5
What is the value of (0 + 1 + 11 - -2) + -1?
13
Evaluate -7 + 0 + 12 + -1 + -2 + 11.
13
Evaluate -6 + (14 - (11 + 9)).
-12
Calculate 16 - (16 - 11 - -12) - (17 - -3).
-21
-9 + (9 + -4 - 1)
-5
Calculate -40 + (75 - (36 - 21)).
20
What is -356 - -357 - (1 - 14)?
14
What is (10 - -3) + -1 + 0 + -4?
8
What is the value of (-6 - -10) + -8 + -5 - -5 - 5?
-9
Calculate 12 - 10 - (7 - -2).
-7
What is the value of (-5 - (8 + -32)) + (-24 - -17)?
12
What is -2 + 20 + -20 + 4?
2
What is the value of -30 + (20 - (-7 + -25))?
22
Calculate 4 + 0 + 0 - (88 + -35 - 53).
4
Calculate -6 + -2 + 0 + (73 - 133) + 51.
-17
What is the value of -3 + -13 + (5 - 2) - 20?
-33
-9 - 1 - ((20 - 65) + 42)
-7
What is the value of -3 + -36 + 5 + (58 - 53) - -8?
-21
9 - ((45 - 4) + -9 + -10)
-13
-25 + -10 + (33 - 9)
-11
23 + (26 - 45) + 5
9
What is the value of 6 + -2 + -1 + 4 + -1 + 1?
7
Calculate 12 - 3 - (3 + 6 - -8).
-8
Calculate -5 - (5 + -2 - (-7 - (-2 - 10))).
-3
Calculate 829 + -835 - (2 + 2 + -27 - 1).
18
Evaluate -36 - (-6 + -9 - 12).
-9
Evaluate -2 + -43 + (-5 - -36).
-14
What is the value of (9 - (10 + 15)) + 21?
5
Evaluate 3 + -20 + -1 + 49 + -12.
19
Calculate -1 + (6 - 1) + (-60 - -100) + -33.
11
What is the value of (2 - 8) + (-15 - -3 - -17)?
-1
Evaluate (26 - (-20 - -36)) + (-1 - 5).
4
2 + 4 + -10 + 15 + -10
1
What is (2 - 15) + 2 + (383 - 377)?
-5
What is -1 - ((3 - -2) + (8 - 7))?
-7
What is 32 - (20 + 41 + -45)?
16
Evaluate 6 - (55 - -1 - 35).
-15
Calculate -10 - (1 + -2) - (-28 + 27).
-8
What is (13 - -43) + -46 + -7 + 1?
4
What is the value of (-12 - -17) + -9 + -3?
-7
-18 + (16 - -19) - (7 + 4 + -4)
10
Calculate 9 - (-11 + (35 - (-7 - -5)) + -2).
-15
Calculate (4 - 6) + -3 - -8 - 14.
-11
What is the value of 23 + (-14 + 30 - 55)?
-16
What is the value of (-27 - (4 + (-34 - -17))) + 1?
-13
What is 7 + 9 - (6 + 45 + -5)?
-30
Calculate 3 + (-3 - (0 + 0)) + -2 + 17.
15
-51 + 46 - -12 - (1 - (0 + 1))
7
Calculate (0 + -18 + 15 - -1) + (1 - 0).
-1
Calculate 3 + 28 + -25 + -30.
-24
Evaluate (3 - 6) + (195 - 211).
-19
Evaluate (-14 - -9) + (3 - (2 + 0) - -3).
-1
108 - 111 - (-3 + -2 + 2)
0
Calculate -10 + 1 + 2 - (-12 - -1).
4
Calculate 16 + (-15 - (16 - 1)).
-14
0 + (-1 - (-4 + -2) - 10 - -6)
1
What is -10 + 44 + -21 + -28?
-15
7 + 25 + -47 - -32
17
What is 0 + -2 - (35 + (-12 - 19))?
-6
What is (10 - (11 - -30)) + 9?
-22
Calculate -37 + (-11 - -24) - -25.
1
Calculate (11 - (2 + 2) - (-3 + 8)) + 14.
16
(-5 - 35) + 23 - (-3 + -1)
-13
What is 7 - ((-10 - -8) + 11) - (10 + -2)?
-10
Calculate (39 - 15 - 17) + (-1 - 4).
2
Calculate -7 - (-12 - (-8 + 1 + 17)).
15
5 - (7 - (8 + 1))
7
Evaluate (-51 - -67 - (11 + 0)) + -7.
-2
Calculate (-8 - (-4 - (-3 + 3 - -3))) + 13.
12
Evaluate -2 - (-2 + -8 + 12 + -4).
0
What is (10 + 16 - 17) + -16?
-7
13 - (-11 + 41 - 9) - 13
-21
Calculate 22 - (0 + 0 + 7 + 58 + -59).
16
Evaluate (0 - -5) + (-26 - (-11 + 0 + 4)).
-14
Calculate (-14 - -35 - 1) + 3 + -15 + 4.
12
Calculate -1 - (7 + 1 + 2 - 4).
-7
What is 104 + -116 - (4 + -5 - 14)?
3
(4 - -11) + -8 + -10
-3
What is the value of 6 - (17 + 1 + 6)?
-18
Evaluate (2 - 15) + 41 + -36 - -2.
-6
What is 833 + -813 - (0 - -11)?
9
Evaluate -1 + (-9 - -11) + 19 - (-11 - -5).
26
What is the value of -11 + 54 + (25 - 66)?
2
What is -4 + 6 + -4 + 6 + -1 + 1?
4
What is -16 + (4 - -10) + 14?
12
What is the value of 10 + (7 - 4 - (-2 + 11 - 10))?
14
5 - (3 - (-6 - (-9 + 13)))
-8
What is the value of 48 + (-10 - 15 - 55)?
-32
Calculate 599 - 620 - (-9 - (1 + 0)).
-11
Evaluate 36 + ((-30 - -17) + 10 - 14).
19
What is 1 - 0 - ((13 - 34) + 13)?
9
What is the value of -14 + (-14 - (-11 + -13))?
-4
What is the value of (8 + 9 - 9) + 1 + -21?
-12
What is the value of (-10 - 4) + 28 - (3 - -2)?
9
-1 + 0 - (-8 + 4 + (8 - 1))
-4
Calculate (10 - 10) + 14 + -18.
-4
(15 - -25) + 1 + -9 - (-2 - -6)
28
What is the value of -7 + (-6 - 10) + 7 + 4?
-12
Evaluate 3 + 4 + 1 + 11 + 1.
20
What is the value of (-7 + -2 - 0) + 1005 + -995?
1
-44 + 12 + 34 - ((1 - 1) + -25)
27
Calculate -1 - (-2 + (11 - -10) - (-12 - -5)).
-27
What is the value of 24 - (41 - 35) - -14?
32
What is the value of (1 - 12) + (2 - 1) - -22 - 5?
7
Evaluate 7 - ((15 - -1) + 0).
-9
Calculate (10 - ((-8 + 15 - 3) + 10)) + -21.
-25
Calculate 68 + -75 - (3 + 0).
-10
What is the value of -34 + 42 - (-2 - -6) - 13?
-9
Evaluate -10 - (-6 + (0 - ((-3 - 0) + 3))).
-4
Calculate (-5 - (9 - 6)) + (22 - 3).
11
Evaluate 0 + (-1 - 8) + (38 - 20 - 9).
0
What is the value of 10 - (3 + 1 - 2 - -6)?
2
What is (-7 - -8) + (-4 + 9 - 3 - -3)?
6
Calculate (15 + -20 - (7 - 14)) + -6.
-4
Evaluate (10 - (26 + -12)) + 8 + -13 + -1.
-10
(10 - (-10 + (-8 - -15))) + -7
6
Calculate (-2 - -7) + (199 - 201).
3
What is the value of (0 - (-6 + 5)) + (-6 - (-2 - 1))?
-2
21 - -6 - 35 - (-22 - 2)
16
What is the value of 15 - 1 - (315 + -288)?
-13
What is -11 + 1 + (12 - (5 + 1) - 9)?
-13
Evaluate 4 + 8 + -15 - -2 - (-7 + -33).
39
-3 - -2 - (-81 + 74)
6
What is 29 + (-1 - 34) - (-2 + 10)?
-14
Calculate (9 - (17 + -8)) + -7 + 1.
-6
(1 - 20) + (402 - 387)
-4
What is the value of (36 - 30 - (3 + 2) - 7) + 10?
4
What is -30 + (28 - (14 + -1)) + 1?
-14
Calculate 34 + -8 - ((3 - 22) + 11).
34
What is (5 - 1) + -3 + 4 - -1 - 20?
-14
What is 12 - (3 + 17) - (2 + 8 + -34)?
16
What is (-459 - -450) + -1 + 0 - -9?
-1
What is -2 + (1 + -4 - (-24 + 26) - -5)?
-2
Evaluate -11 - (1 + -13 + 5 - -6 - -4).
-14
What is (0 - (-1 - -1)) + 20 + (-56 - -31)?
-5
Evaluate 1 + (-46 - -5 - -50).
10
What is (26 - 14 - 23) + -6 + 3 + -2?
-16
6 - (-6 + 8) - (9 + (3 - 5))
-3
Evaluate (-13 - (3 - 8) - -4) + 1.
-3
Evaluate 13 + (-1 - 2) - (-4 - -38 - 18).
-6
What is 16 + (-10 - -24 - 30) + -1 + 27?
26
4 - (4 + 7) - (48 - 40)
-15
Calculate 2 + (-7 + 1 - (-29 - -22)) + -21.
-18
What is 19 + -1 - (-36 + 47)?
7
What is the value of 3 + (8 - (-6 + 4 - -12))?
1
What is -3 + 3 + 15 + 13 + -14?
14
Calculate -9 + (7 - 5 - -5 - 3).
-5
Calculate (-8 - 0) + (8 + -2 - 2).
-4
Calculate 30 + -12 + 11 - 55.
-26
What is 28 - (33 - -13 - 26)?
8
(18 - 23) + (7 + 3 - -4)
9
Calculate -6 + (19 - 11) + -14.
-12
Calculate 2 - (3 + (-17 + 9 - 7)).
14
What is 11 - (28 - 10) - -6 - -21?
20
(-2 - -7) + (92 - 87)
10
What is -4 + (-114 + 115 - (10 + 0 + 0))?
-13
Calculate (-9 - (1 - -1)) + 13 + -33.
-31
Evaluate -23 - -3 - (-7 + -3 + 8 - 4).
-14
Calculate 10 + 0 - 1 - 1.
8
Calculate 0 